 d = 11 + 9. Let v be 0 + 5/(d/304). Suppose -v*i + 72*i = -116. What are the prime factors of i?
29
What are the prime factors of (-3 + (-24500)/(-8))/((-34)/(-612))?
3, 29, 211
Let i be 151*-1*(-2 + 3). Suppose 12*f - 17*f + 5*z - 15 = 0, -2*z - 9 = 3*f. List the prime factors of (i - (-2 - f))*(-2)/4.
2, 19
Suppose 6*h = 3*h - 4*d + 1, 5*h + 3*d - 20 = 0. Let v be h/(2 - 27/15). Suppose 38*n - 672 = v*n. List the prime factors of n.
2, 7
Suppose -5*m + 8 = -m. Suppose -2*y = -3*h - 20, 3*h - m*h = 2*y - 12. What are the prime factors of y?
2
Suppose -12550 = -2*u - 4*t, 6*u - 24262 - 13388 = t. What are the prime factors of u?
5, 251
Let c be (2 - 0)*(-15)/30. Let n = -1 - c. List the prime factors of -1 - n - (-189 - -23).
3, 5, 11
Suppose 4*w + 9 = 3*s, -4*w = -2*s + 5 + 1. Suppose 5*h - 1802 = -2*o, -o + 4*h - h + 901 = w. What are the prime factors of o?
17, 53
Suppose -4*m + 50*m = 279036. What are the prime factors of m?
2, 3, 337
Let i(f) = 31*f**2 - 55*f + 2351. What are the prime factors of i(46)?
11, 19, 313
Let c(m) = -19*m**3 - m**2 - 9*m. Let r be c(-4). Let x = 2191 - r. List the prime factors of x.
5, 191
Let s = 12097 - -1737. What are the prime factors of s?
2, 6917
Suppose 51 = 4*n - 5*s, s - 1 = -0*s. Let i be n/4*224/196. List the prime factors of i/(-24) - (-590)/12.
7
Let a = -23594 - -33460. List the prime factors of a.
2, 4933
Let z = -7845 + 4250. Let g = z - -5371. List the prime factors of g.
2, 3, 37
Let m be -2*1/2 + -46. Let j = m - -49. Suppose -4*s - 76 = -5*i - s, j*i = 2*s + 32. What are the prime factors of i?
2, 7
Let c = 387 + -397. What are the prime factors of (-10218)/c + (-2)/(-10)?
2, 7, 73
Let p be (-10)/6*(-90)/(-30). What are the prime factors of 9 - (-25)/p - -1*439?
443
Let t(r) be the second derivative of 5*r**5/4 - 23*r**4/12 + r**3/2 + 203*r. List the prime factors of t(3).
3, 53
Let w(o) be the second derivative of -37*o**6/720 + o**4/3 + 23*o. Let v(l) be the third derivative of w(l). List the prime factors of v(-4).
2, 37
Suppose 29*a = 26*a. List the prime factors of -3*(-1 + a - (-2514)/(-18)).
2, 211
Let n(z) = 131*z**2 + 9*z + 4. Let c be 28/(-7)*(1 + (-3)/6). List the prime factors of n(c).
2, 3, 5, 17
Let w(a) = -24 - 21*a + 36*a + 11*a + 7. List the prime factors of w(15).
373
Let o be (1/(-8)*-2)/((-3)/(-24)). Suppose r = -2*m - 8, 4*r + 5*m = -0*r - 20. Suppose r = o*a - 6 - 20. What are the prime factors of a?
13
Let g be -6*(0 + 105/10). Let j be (12/(-36))/(1/g). Let k = -3 + j. List the prime factors of k.
2, 3
Let x = -102 - -107. Suppose -v = 3*v + x*y - 1197, -3*v + 884 = y. Let u = v - 143. What are the prime factors of u?
2, 3, 5
List the prime factors of (10412 - 0) + (340 - 349).
101, 103
Suppose f - 4*s - 2203 = 0, -4*f - 3*s + 5094 + 3813 = 0. Suppose -f = 9*v - 17172. List the prime factors of v.
11, 151
Suppose 199*w - 205*w + 9840 = 0. Let h = -917 + w. List the prime factors of h.
3, 241
Let m be 6/9 + 272/(-3). Let a = m - -129. Let g = 117 - a. List the prime factors of g.
2, 3, 13
Let l = 333 - 341. List the prime factors of (2 - (-1611)/12) + l/32.
2, 17
Suppose 12 = -6*v - 12. Let t be 45/12 + v/(-16). What are the prime factors of t + (0/(-1))/4?
2
List the prime factors of ((35 - 28) + 110/(-8))/(15/(-114520)).
2, 3, 7, 409
Let i = 271 - 268. Suppose -6 = 2*b, -5*b + i*b + 924 = 5*h. What are the prime factors of h?
2, 3, 31
Suppose -431 = -5*y - 301. Suppose -t + 57 = -y. What are the prime factors of t?
83
Let n(r) = 7*r - 39. Suppose 0*y = 4*y - 176. Let l = 56 - y. What are the prime factors of n(l)?
3, 5
Suppose -2*s - 3*j + 1214 = 0, 60*s - 61*s + 608 = 2*j. List the prime factors of s.
2, 151
Let o(t) = -t**2 - 15*t - 24. Let f be o(-13). Let r be (-4)/8 + (1 - (-65)/f). What are the prime factors of 8/2*-1 + r?
29
Suppose 36 = -115*u + 117*u. What are the prime factors of 2 - -628 - (12 - u)?
2, 3, 53
Let z(k) = 44*k**2 + 67*k**2 + 80*k**2. Suppose 2 = 4*u - 6*y, -u + 3*y + 10 = 8. List the prime factors of z(u).
191
Let p be (-2)/(-6 - -1 - (-130)/30). Suppose 4*k + 462 + 366 = 2*i, p*i + k = 1235. What are the prime factors of i?
2, 103
Let k = 3 - 1. Suppose k*z - 173 - 245 = 0. Let w = z + -124. What are the prime factors of w?
5, 17
Suppose -9 = -3*j, 678 = 4*s - 2*s - 4*j. Suppose 0 = -54*t - 11383 - 821. Let f = t + s. What are the prime factors of f?
7, 17
Let k = -27 - -32. Let u be -1*(k - 4 - 4). Suppose u*s + 20 = 164. What are the prime factors of s?
2, 3
Let i(h) = 2*h**3 + 12*h**2 - 17*h - 11. Let t be i(-7). What are the prime factors of ((-122)/t)/(8/(-80))?
2, 61
Suppose 104027 = 27*x + 9149. Suppose -2*n = 5*w - 1414, x = 7*n - 2*n + 2*w. What are the prime factors of n?
2, 3, 13
Let l(m) = 16*m**3 + 22*m**2 - 73*m - 147. What are the prime factors of l(13)?
2, 11, 17, 101
Let k be ((-8)/4 + 2)*(2 + -1). Suppose 2*y + k*y = -62. Let w = -25 - y. What are the prime factors of w?
2, 3
Let z(n) = -7*n + 319. Let c be z(-17). Suppose -5*j + 4 = -3*j. Suppose -j*p + c = p. List the prime factors of p.
2, 73
Suppose -8*l + 10*l - 48 = 0. Let x(p) = 21*p - 31. Let n be x(l). Suppose -5*u + 2*y = -n, -6*u = -u - 3*y - 477. List the prime factors of u.
3, 31
Suppose -f = 2*q - 4689, 4*f - 18816 = 16*q - 12*q. List the prime factors of f.
37, 127
Suppose 4*z - 8 = -b + 5*b, -2*b + 1 = -z. Suppose g - 699 = -b*r, 2*g - 120 = r - 353. What are the prime factors of r?
233
Let x be -105*(-20)/(-42)*-9. Let c be (-9)/36 + x/8. What are the prime factors of -4 + (c - (4 - 0))?
2, 3
Let l(t) = -2*t**3 - 52*t**2 - 54*t - 97. Let d be l(-25). Suppose 2*r = -d*x + 3602, -4*x + 7*x - 3598 = -4*r. What are the prime factors of x?
2, 601
Let j(w) be the second derivative of 0 + 3/4*w**4 - 1/3*w**3 - 4*w + 3*w**2. What are the prime factors of j(-3)?
3, 31
Let v(m) = 3517*m**2 - 253*m - 752. What are the prime factors of v(-3)?
2, 5, 1583
Let s = -13565 + 26835. What are the prime factors of s?
2, 5, 1327
What are the prime factors of (12871/4)/((-35)/(-140))?
61, 211
Let s(i) = 2*i + 1. Let j(d) = -d**2 - 14*d + 54. Let h(c) = -j(c) - 3*s(c). What are the prime factors of h(-26)?
3, 137
Let r(f) = 560*f + 2565. What are the prime factors of r(18)?
3, 5, 281
Let y(o) = o**3 + 5*o**2 - 7*o - 4. Let t be y(-8). Let p = t + 354. List the prime factors of p.
2, 107
Let c = 25 + -25. Let o be c/1 - (4 + (-1 - 3)). Suppose o*p = 3*p - 369. What are the prime factors of p?
3, 41
Suppose -50505 = -10*h + 535. What are the prime factors of h?
2, 11, 29
Let t(s) = -s**2 - 3 + 2 - 76*s + 62*s - 23. Let i be t(-12). Suppose -2*k + 233 + 241 = i. List the prime factors of k.
3, 79
Suppose -608*m + 43248 = -591*m. List the prime factors of m.
2, 3, 53
Let x(u) = -8 + 3*u - 2*u**3 + 3*u**3 + u + 9*u**2. Let k = -3092 - -3084. List the prime factors of x(k).
2, 3
Let a = 13877 + -7391. What are the prime factors of a?
2, 3, 23, 47
Let t(y) = -241*y - 1331. List the prime factors of t(-37).
2, 3793
Let n(w) = w**3 + 5*w**2 - 8*w - 19. Let i be n(-6). List the prime factors of (266 - (-14)/i)*(-23)/(-4).
2, 3, 11, 23
Suppose -83*g = -52*g - 285789. List the prime factors of g.
3, 7, 439
Let m(w) = 92*w**2 - 90*w - 197. What are the prime factors of m(-4)?
3, 5, 109
Let q = 7671 + -5647. What are the prime factors of q?
2, 11, 23
Suppose h + 2*j - 4*j - 5304 = 0, -5*h + 26532 = -7*j. What are the prime factors of h?
2, 83
Suppose -8*j + 296 = -4*j. Let l = j - 80. What are the prime factors of l + 3 + 0 - 10*-5?
47
What are the prime factors of 4015/250*932 + ((-78)/(-75))/13?
2, 1871
Let r = 56 + -42. Suppose -2 = 3*y - r. What are the prime factors of (-648)/96*y/(-3)?
3
Let h(i) = -11*i**3 + 11*i**2 + 19*i + 124. What are the prime factors of h(-10)?
2, 11, 547
Let m = -539 + 552. Suppose 0 = m*p - 20*p + 2359. List the prime factors of p.
337
Let s = 3 + 14. Let l(n) = -n**3 + 18*n**2 - 17*n + 8. Let o be l(s). Suppose -498 = 2*k - o*k. What are the prime factors of k?
83
Let u be (-6)/(-5)*(-1 - (-86)/6). Let r(p) = p**3 - 15*p**2 - 19*p + 39. Let l be r(u). What are the prime factors of (((-21)/l)/7)/(2/234)?
3, 13
Let s(b) = 2527*b**3 - 14*b**2 - 17*b + 3. What are the prime factors of s(3)?
3, 5, 13, 349
Let n(q) = 28*q**3 + 0*q + 0*q**2 - q + 1 - q**2. Let v